{"id":2412,"date":"2021-11-23T10:53:36","date_gmt":"2021-11-23T09:53:36","guid":{"rendered":"https:\/\/pallicura.de\/verein\/?page_id=2412"},"modified":"2025-02-08T00:24:38","modified_gmt":"2025-02-07T23:24:38","slug":"aromapflege","status":"publish","type":"page","link":"https:\/\/pallicura.de\/verein\/aromapflege\/","title":{"rendered":"AROMAPFLEGE"},"content":{"rendered":"<p>[vc_row css_animation=&#8220;&#8220; row_type=&#8220;row&#8220; use_row_as_full_screen_section=&#8220;no&#8220; type=&#8220;grid&#8220; angled_section=&#8220;no&#8220; text_align=&#8220;left&#8220; background_image_as_pattern=&#8220;without_pattern&#8220; z_index=&#8220;&#8220; padding_top=&#8220;100&#8243; padding_bottom=&#8220;35&#8243;][vc_column][vc_column_text css=&#8220;.vc_custom_1738701720205{padding-bottom: 35px !important;}&#8220;]<\/p>\n<p style=\"font-weight: 400;\"><strong>Palliative Aromapflege bei Pallicura<\/strong><\/p>\n<p style=\"font-weight: 400;\">Die palliative Aromapflege ist eine sanfte und wohltuende Erg\u00e4nzung zur medizinischen Versorgung, die K\u00f6rper, Geist und Seele gleicherma\u00dfen anspricht. Sie bietet Menschen in ihrer letzten Lebensphase die M\u00f6glichkeit, Momente der Entspannung, des Trostes und des Wohlbefindens zu erleben. Unsere Aromaexpertin in Ausbildung und erfahrene Palliative-Care-Fachkraft Dorle Altmann begleitet Sie mit gro\u00dfem Einf\u00fchlungsverm\u00f6gen und fachlicher Kompetenz.<\/p>\n<p>&nbsp;<\/p>\n<p style=\"font-weight: 400;\"><strong>Was ist palliative Aromapflege?<\/strong><\/p>\n<p style=\"font-weight: 400;\">Die Aromapflege nutzt die Kraft nat\u00fcrlicher \u00e4therischer \u00d6le, um Beschwerden zu lindern und die Lebensqualit\u00e4t zu verbessern. Mit individuell abgestimmten D\u00fcften und sanften Anwendungen k\u00f6nnen Symptome wie Unruhe, Schmerzen, \u00dcbelkeit oder \u00c4ngste gezielt gemildert werden. Die hochwertigen Aroma\u00f6le werden dabei sorgsam ausgew\u00e4hlt, um den Bed\u00fcrfnissen jedes Einzelnen gerecht zu werden.<\/p>\n<p>&nbsp;<\/p>\n<p style=\"font-weight: 400;\"><strong>Wichtiger Hinweis zu den Kosten<\/strong><\/p>\n<p style=\"font-weight: 400;\">Die Kosten f\u00fcr die palliative Aromapflege und die dazugeh\u00f6rigen, qualitativ hochwertigen Aroma\u00f6le werden nicht von den Krankenkassen \u00fcbernommen. Um allen unseren SAPV-Patienten den Zugang zu dieser unterst\u00fctzenden Ma\u00dfnahme zu erm\u00f6glichen, \u00fcbernimmt der Pallicura F\u00f6rderverein die Finanzierung \u2013 dank der gro\u00dfz\u00fcgigen Unterst\u00fctzung durch Spenden.<\/p>\n<p>&nbsp;<\/p>\n<p style=\"font-weight: 400;\"><strong>Ihre Spende macht den Unterschied!<\/strong><\/p>\n<p style=\"font-weight: 400;\">Ihre Spende erm\u00f6glicht es uns, die palliative Aromapflege kostenfrei f\u00fcr unsere SAPV-Patienten anzubieten und damit einen wertvollen Beitrag zu ihrem Wohlbefinden zu leisten. Jeder Beitrag hilft uns, Menschen in schweren Zeiten ein St\u00fcck Lebensqualit\u00e4t zur\u00fcckzugeben.<\/p>\n<p>[\/vc_column_text][\/vc_column][\/vc_row][vc_row css_animation=&#8220;&#8220; row_type=&#8220;row&#8220; use_row_as_full_screen_section=&#8220;no&#8220; type=&#8220;grid&#8220; angled_section=&#8220;no&#8220; text_align=&#8220;left&#8220; background_image_as_pattern=&#8220;without_pattern&#8220; z_index=&#8220;&#8220; padding_top=&#8220;35&#8243; padding_bottom=&#8220;100&#8243;][vc_column][vc_column_text]<\/p>\n<p style=\"text-align: center;\">Die palliative Aromapflege wird f\u00fcr Patienten des Palliative Care Teams Pallicura erbracht von<\/p>\n<p>[\/vc_column_text][vc_empty_space][vc_single_image image=&#8220;2290&#8243; img_size=&#8220;200&#215;200&#8243; alignment=&#8220;center&#8220; style=&#8220;vc_box_circle_2&#8243; qode_css_animation=&#8220;&#8220;][vc_column_text]<\/p>\n<div class=\"views-field views-field-title\" style=\"text-align: center;\">\n<div class=\"views-field views-field-title\">\n<div class=\"views-field views-field-title\" style=\"text-align: center;\"><strong><span class=\"field-content\">Dorle Altmann<\/span><\/strong><\/div>\n<div class=\"views-field views-field-field-bezeichnung\">\n<div class=\"field-content\" style=\"text-align: center;\">Palliative-Care-Pflegefachkraft<\/div>\n<\/div>\n<\/div>\n<div class=\"views-field views-field-title\"><\/div>\n<\/div>\n<p>[\/vc_column_text][\/vc_column][\/vc_row]<\/p>\n","protected":false},"excerpt":{"rendered":"<p>[vc_row css_animation=&#8220;&#8220; row_type=&#8220;row&#8220; use_row_as_full_screen_section=&#8220;no&#8220; type=&#8220;grid&#8220; angled_section=&#8220;no&#8220; text_align=&#8220;left&#8220; background_image_as_pattern=&#8220;without_pattern&#8220; z_index=&#8220;&#8220; padding_top=&#8220;100&#8243; padding_bottom=&#8220;35&#8243;][vc_column][vc_column_text css=&#8220;.vc_custom_1738701720205{padding-bottom: 35px !important;}&#8220;] Palliative Aromapflege bei Pallicura Die palliative Aromapflege ist eine sanfte und wohltuende Erg\u00e4nzung zur medizinischen Versorgung, die K\u00f6rper, Geist und Seele gleicherma\u00dfen anspricht. Sie bietet Menschen in ihrer letzten Lebensphase die&#8230;<\/p>\n","protected":false},"author":1,"featured_media":0,"parent":0,"menu_order":0,"comment_status":"closed","ping_status":"closed","template":"full_width.php","meta":{"footnotes":""},"class_list":["post-2412","page","type-page","status-publish","hentry"],"_links":{"self":[{"href":"https:\/\/pallicura.de\/verein\/wp-json\/wp\/v2\/pages\/2412","targetHints":{"allow":["GET"]}}],"collection":[{"href":"https:\/\/pallicura.de\/verein\/wp-json\/wp\/v2\/pages"}],"about":[{"href":"https:\/\/pallicura.de\/verein\/wp-json\/wp\/v2\/types\/page"}],"author":[{"embeddable":true,"href":"https:\/\/pallicura.de\/verein\/wp-json\/wp\/v2\/users\/1"}],"replies":[{"embeddable":true,"href":"https:\/\/pallicura.de\/verein\/wp-json\/wp\/v2\/comments?post=2412"}],"version-history":[{"count":27,"href":"https:\/\/pallicura.de\/verein\/wp-json\/wp\/v2\/pages\/2412\/revisions"}],"predecessor-version":[{"id":2715,"href":"https:\/\/pallicura.de\/verein\/wp-json\/wp\/v2\/pages\/2412\/revisions\/2715"}],"wp:attachment":[{"href":"https:\/\/pallicura.de\/verein\/wp-json\/wp\/v2\/media?parent=2412"}],"curies":[{"name":"wp","href":"https:\/\/api.w.org\/{rel}","templated":true}]}}

<p>[vc_row css_animation=&#8220;&#8220; row_type=&#8220;row&#8220; use_row_as_full_screen_section=&#8220;no&#8220; type=&#8220;grid&#8220; angled_section=&#8220;no&#8220; text_align=&#8220;left&#8220; background_image_as_pattern=&#8220;without_pattern&#8220; z_index=&#8220;&#8220; padding_top=&#8220;100&#8243; padding_bottom=&#8220;35&#8243;][vc_column][vc_column_text css=&#8220;.vc_custom_1738701720205{padding-bottom: 35px !important;}&#8220;]</p>
<p style="font-weight: 400;"><strong>Palliative Aromapflege bei Pallicura</strong></p>
<p style="font-weight: 400;">Die palliative Aromapflege ist eine sanfte und wohltuende Ergänzung zur medizinischen Versorgung, die Körper, Geist und Seele gleichermaßen anspricht. Sie bietet Menschen in ihrer letzten Lebensphase die Möglichkeit, Momente der Entspannung, des Trostes und des Wohlbefindens zu erleben. Unsere Aromaexpertin in Ausbildung und erfahrene Palliative-Care-Fachkraft Dorle Altmann begleitet Sie mit großem Einfühlungsvermögen und fachlicher Kompetenz.</p>
<p>&nbsp;</p>
<p style="font-weight: 400;"><strong>Was ist palliative Aromapflege?</strong></p>
<p style="font-weight: 400;">Die Aromapflege nutzt die Kraft natürlicher ätherischer Öle, um Beschwerden zu lindern und die Lebensqualität zu verbessern. Mit individuell abgestimmten Düften und sanften Anwendungen können Symptome wie Unruhe, Schmerzen, Übelkeit oder Ängste gezielt gemildert werden. Die hochwertigen Aromaöle werden dabei sorgsam ausgewählt, um den Bedürfnissen jedes Einzelnen gerecht zu werden.</p>
<p>&nbsp;</p>
<p style="font-weight: 400;"><strong>Wichtiger Hinweis zu den Kosten</strong></p>
<p style="font-weight: 400;">Die Kosten für die palliative Aromapflege und die dazugehörigen, qualitativ hochwertigen Aromaöle werden nicht von den Krankenkassen übernommen. Um allen unseren SAPV-Patienten den Zugang zu dieser unterstützenden Maßnahme zu ermöglichen, übernimmt der Pallicura Förderverein die Finanzierung – dank der großzügigen Unterstützung durch Spenden.</p>
<p>&nbsp;</p>
<p style="font-weight: 400;"><strong>Ihre Spende macht den Unterschied!</strong></p>
<p style="font-weight: 400;">Ihre Spende ermöglicht es uns, die palliative Aromapflege kostenfrei für unsere SAPV-Patienten anzubieten und damit einen wertvollen Beitrag zu ihrem Wohlbefinden zu leisten. Jeder Beitrag hilft uns, Menschen in schweren Zeiten ein Stück Lebensqualität zurückzugeben.</p>
<p>[/vc_column_text][/vc_column][/vc_row][vc_row css_animation=&#8220;&#8220; row_type=&#8220;row&#8220; use_row_as_full_screen_section=&#8220;no&#8220; type=&#8220;grid&#8220; angled_section=&#8220;no&#8220; text_align=&#8220;left&#8220; background_image_as_pattern=&#8220;without_pattern&#8220; z_index=&#8220;&#8220; padding_top=&#8220;35&#8243; padding_bottom=&#8220;100&#8243;][vc_column][vc_column_text]</p>
<p style="text-align: center;">Die palliative Aromapflege wird für Patienten des Palliative Care Teams Pallicura erbracht von</p>
<p>[/vc_column_text][vc_empty_space][vc_single_image image=&#8220;2290&#8243; img_size=&#8220;200&#215;200&#8243; alignment=&#8220;center&#8220; style=&#8220;vc_box_circle_2&#8243; qode_css_animation=&#8220;&#8220;][vc_column_text]</p>
<div class="views-field views-field-title" style="text-align: center;">
<div class="views-field views-field-title">
<div class="views-field views-field-title" style="text-align: center;"><strong><span class="field-content">Dorle Altmann</span></strong></div>
<div class="views-field views-field-field-bezeichnung">
<div class="field-content" style="text-align: center;">Palliative-Care-Pflegefachkraft</div>
</div>
</div>
<div class="views-field views-field-title"></div>
</div>
<p>[/vc_column_text][/vc_column][/vc_row]</p>

<p>[vc_row css_animation=&#8220;&#8220; row_type=&#8220;row&#8220; use_row_as_full_screen_section=&#8220;no&#8220; type=&#8220;grid&#8220; angled_section=&#8220;no&#8220; text_align=&#8220;left&#8220; background_image_as_pattern=&#8220;without_pattern&#8220; z_index=&#8220;&#8220; padding_top=&#8220;100&#8243; padding_bottom=&#8220;35&#8243;][vc_column][vc_column_text css=&#8220;.vc_custom_1738701720205{padding-bottom: 35px !important;}&#8220;] Palliative Aromapflege bei Pallicura Die palliative Aromapflege ist eine sanfte und wohltuende Ergänzung zur medizinischen Versorgung, die Körper, Geist und Seele gleichermaßen anspricht. Sie bietet Menschen in ihrer letzten Lebensphase die&#8230;</p>
