{"id":2543,"date":"2021-11-24T18:28:31","date_gmt":"2021-11-24T17:28:31","guid":{"rendered":"https:\/\/pallicura.de\/verein\/?page_id=2543"},"modified":"2025-03-10T21:57:41","modified_gmt":"2025-03-10T20:57:41","slug":"ambulante-ethikberatung","status":"publish","type":"page","link":"https:\/\/pallicura.de\/verein\/ambulante-ethikberatung\/","title":{"rendered":"AMBULANTE ETHIKBERATUNG"},"content":{"rendered":"<p>[vc_row css_animation=&#8220;&#8220; row_type=&#8220;row&#8220; use_row_as_full_screen_section=&#8220;no&#8220; type=&#8220;grid&#8220; angled_section=&#8220;no&#8220; text_align=&#8220;left&#8220; background_image_as_pattern=&#8220;without_pattern&#8220; z_index=&#8220;&#8220; padding_top=&#8220;100&#8243; padding_bottom=&#8220;75&#8243;][vc_column][vc_column_text]<\/p>\n<div class=\"views-field views-field-title\" style=\"text-align: center;\">\n<div class=\"views-field views-field-title\">\n<div class=\"wpb_text_column wpb_content_element \">\n<div class=\"wpb_wrapper\">\n<div class=\"views-field views-field-title\">\n<div class=\"views-field views-field-title\">\n<h2 style=\"text-align: left;\">Ambulante Ethikberatung im und um den Landkreis Schwandorf<\/h2>\n<\/div>\n<\/div>\n<div style=\"text-align: left;\"><\/div>\n<div style=\"text-align: left;\"><\/div>\n<p style=\"text-align: left;\">Patienten mit lebensbedrohlichen Erkrankungen und ihre An- und Zugeh\u00f6rigen m\u00fcssen mit fortschreitendem Krankheitsverlauf mitunter sehr schwierige Entscheidungen treffen. Manche der Betroffenen berichten, dass sie sich dabei oft alleine gelassen f\u00fchlen.<\/p>\n<p style=\"text-align: left;\">Dieses Anliegen versuchen wir mit dem Angebot einer ambulanten Ethikberatung, die fr\u00fchzeitig nach Diagnosestellung in Anspruch genommen werden kann, aufzugreifen.<\/p>\n<\/div>\n<\/div>\n<div class=\"wpb_text_column wpb_content_element \">\n<div class=\"wpb_wrapper\">\n<p style=\"text-align: left;\">Zun\u00e4chst m\u00f6chten wir jedoch auf Ihre Hauptansprechpartner*innen sowie bereits bestehende Beratungsangebote in unserem Landkreis hinweisen.<\/p>\n<p style=\"text-align: left;\">Sollten Ihnen die vorhandenen Beratungsangebote nicht ausreichen, steht Ihnen unser Ethikberater auf Antrag gerne f\u00fcr ein umfangreiches Gespr\u00e4ch\u00a0<strong>kostenfrei<\/strong> zur Verf\u00fcgung.<\/p>\n<\/div>\n<\/div>\n<\/div>\n<\/div>\n<p>[\/vc_column_text][vc_column_text]Zun\u00e4chst m\u00f6chten wir jedoch auf Ihre Hauptansprechpartner*innen sowie bereits bestehende Beratungsangebote in unserem Landkreis hinweisen.<\/p>\n<p>&nbsp;<\/p>\n<p>Sollten Ihnen die vorhandenen Beratungsangebote nicht ausreichen, steht Ihnen unser Ethikberater auf Antrag gerne f\u00fcr ein umfangreiches Gespr\u00e4ch\u00a0<strong>kostenfrei<\/strong>\u00a0zur Verf\u00fcgung.[\/vc_column_text][\/vc_column][\/vc_row][vc_row css_animation=&#8220;&#8220; row_type=&#8220;row&#8220; use_row_as_full_screen_section=&#8220;no&#8220; type=&#8220;grid&#8220; angled_section=&#8220;no&#8220; text_align=&#8220;left&#8220; background_image_as_pattern=&#8220;without_pattern&#8220; z_index=&#8220;&#8220; padding_top=&#8220;35&#8243; padding_bottom=&#8220;35&#8243;][vc_column][vc_column_text]<\/p>\n<h2 style=\"text-align: center;\">Beratungsangebote im Landkreis Schwandorf<\/h2>\n<p>[\/vc_column_text][\/vc_column][\/vc_row][vc_row css_animation=&#8220;&#8220; row_type=&#8220;row&#8220; use_row_as_full_screen_section=&#8220;no&#8220; type=&#8220;grid&#8220; angled_section=&#8220;no&#8220; text_align=&#8220;left&#8220; background_image_as_pattern=&#8220;without_pattern&#8220; z_index=&#8220;&#8220; padding_top=&#8220;35&#8243; padding_bottom=&#8220;75&#8243;][vc_column width=&#8220;1\/2&#8243;]<div class=\"q_icon_list\"><i class=\"qode_icon_font_awesome fa fa-circle qode-ili-icon-holder circle\" style=\"font-size: 16px;color: #968a98;background-color: #ffffff;border-color:#ffffff;border-style:solid;border-width:1px;\" ><\/i><p style=\"color:#000000;font-size: 16px;font-weight: 400;\">Ihr\/e erste\/r Ansprechpartner*in ist immer Ihr\/e behandelnde\/r Stations-, Haus- oder Facharzt bzw. -\u00e4rztin.<\/p><\/div><div class=\"q_icon_list\"><i class=\"qode_icon_font_awesome fa fa-circle qode-ili-icon-holder circle\" style=\"font-size: 16px;color: #968a98;background-color: #ffffff;border-color:#ffffff;border-style:solid;border-width:1px;\" ><\/i><p style=\"color:#000000;font-size: 16px;font-weight: 400;\">Vor der Entlassung organisiert der Sozialdienst des Krankenhauses gerne Ihre weitere Versorgung mit Ihnen.<\/p><\/div><div class=\"q_icon_list\"><i class=\"qode_icon_font_awesome fa fa-circle qode-ili-icon-holder circle\" style=\"font-size: 16px;color: #968a98;background-color: #ffffff;border-color:#ffffff;border-style:solid;border-width:1px;\" ><\/i><p style=\"color:#000000;font-size: 16px;font-weight: 400;\">Ist die Erkrankung nicht mehr heilbar, bereits weit fortgeschritten und verursacht belastende Symptome wie Schmerzen, \u00dcbelkeit und Erbrechen, Atemnot oder \u00c4ngste, wenden Sie sich bitte an das Palliative Care Team Pallicura.<\/p><\/div><div class=\"q_icon_list\"><i class=\"qode_icon_font_awesome fa fa-circle qode-ili-icon-holder circle\" style=\"font-size: 16px;color: #968a98;background-color: #ffffff;border-color:#ffffff;border-style:solid;border-width:1px;\" ><\/i><p style=\"color:#000000;font-size: 16px;font-weight: 400;\">Pflegedienste, Sozialstationen und Pflegeheime beraten Sie gerne zur Versorgung in der H\u00e4uslichkeit bzw. im Pflegeheim nach Pflegegrad und eventuellen Zusatzkosten.<\/p><\/div>[\/vc_column][vc_column width=&#8220;1\/2&#8243;]<div class=\"q_icon_list\"><i class=\"qode_icon_font_awesome fa fa-circle qode-ili-icon-holder circle\" style=\"font-size: 16px;color: #968a98;background-color: #ffffff;border-color:#ffffff;border-style:solid;border-width:1px;\" ><\/i><p style=\"color:#000000;font-size: 16px;font-weight: 400;\">Kostenfragen k\u00f6nnen Sie direkt mit Ihrer Kranken- und Pflegekasse besprechen.<\/p><\/div><div class=\"q_icon_list\"><i class=\"qode_icon_font_awesome fa fa-circle qode-ili-icon-holder circle\" style=\"font-size: 16px;color: #968a98;background-color: #ffffff;border-color:#ffffff;border-style:solid;border-width:1px;\" ><\/i><p style=\"color:#000000;font-size: 16px;font-weight: 400;\">Bei der Fachstelle f\u00fcr Senioren www.landkreis-schwandorf.de und Ihrem oder Ihrer zust\u00e4ndigen Seniorenbeauftragten erhalten Sie vielfache Informationen, z.B. wohin Sie sich bez\u00fcglich einer Patientenverf\u00fcgung oder Vorsorgevollmacht wenden m\u00fcssen.<\/p><\/div><div class=\"q_icon_list\"><i class=\"qode_icon_font_awesome fa fa-circle qode-ili-icon-holder circle\" style=\"font-size: 16px;color: #968a98;background-color: #ffffff;border-color:#ffffff;border-style:solid;border-width:1px;\" ><\/i><p style=\"color:#000000;font-size: 16px;font-weight: 400;\">Ambulante Hospizdienste, wie der Hospizverein Stadt und Landkreis Schwandorf, www.hospizverein-sad.de , die Hospizinitiative der Caritas Sozialstationen, www.caritas-sad.de oder der Hospizdienst der Pfarrei St. Johannes in Nabburg k\u00f6nnen Ihnen ehrenamtliche Hospizhelfer*innen zur Seite stellen.<\/p><\/div><div class=\"q_icon_list\"><i class=\"qode_icon_font_awesome fa fa-circle qode-ili-icon-holder circle\" style=\"font-size: 16px;color: #968a98;background-color: #ffffff;border-color:#ffffff;border-style:solid;border-width:1px;\" ><\/i><p style=\"color:#000000;font-size: 16px;font-weight: 400;\">Nicht zuletzt steht Ihnen Ihr Gemeinde-Pfarrer oder der\/die Ansprechpartner*in Ihrer Glaubensgemeinschaft bei.<\/p><\/div>[\/vc_column][\/vc_row][vc_row css_animation=&#8220;&#8220; row_type=&#8220;row&#8220; use_row_as_full_screen_section=&#8220;no&#8220; type=&#8220;grid&#8220; angled_section=&#8220;no&#8220; text_align=&#8220;left&#8220; background_image_as_pattern=&#8220;without_pattern&#8220; z_index=&#8220;&#8220; padding_top=&#8220;75&#8243; padding_bottom=&#8220;75&#8243;][vc_column][vc_column_text]<\/p>\n<p style=\"text-align: center;\">Die ambulante Ethikberatung\u00a0wird erbracht von<\/p>\n<p>[\/vc_column_text][\/vc_column][\/vc_row][vc_row css_animation=&#8220;&#8220; row_type=&#8220;row&#8220; use_row_as_full_screen_section=&#8220;no&#8220; type=&#8220;grid&#8220; angled_section=&#8220;no&#8220; text_align=&#8220;left&#8220; background_image_as_pattern=&#8220;without_pattern&#8220; z_index=&#8220;&#8220;][vc_column width=&#8220;1\/2&#8243;][vc_single_image image=&#8220;2727&#8243; img_size=&#8220;medium&#8220; alignment=&#8220;center&#8220; style=&#8220;vc_box_circle_2&#8243; qode_css_animation=&#8220;&#8220;][vc_column_text]<\/p>\n<div class=\"views-field views-field-title\" style=\"text-align: center;\">\n<div class=\"views-field views-field-title\"><strong>Dr. med. Manfred Hausel<\/strong><\/div>\n<div><\/div>\n<div class=\"views-field views-field-title\">\u00a0 \u00a0 \u00a0 \u00a0 \u00a0 \u00a0 \u00a0 \u00a0 \u00a0 \u00a0 \u00a0 Zertifizierter Ethikberater im Gesundheitswesen,<br \/>\nFacharzt f\u00fcr Chirurgie<\/div>\n<\/div>\n<p>[\/vc_column_text][vc_empty_space height=&#8220;64px&#8220;]<a  itemprop=\"url\" href=\"https:\/\/pallicura.de\/verein\/wp-content\/uploads\/2023\/05\/20221208-Ethikberatung.pdf\" target=\"_blank\" data-hover-background-color='#968a98'  class=\"qbutton  medium center default\" style=\"background-color: #968a98;\">Flyer f\u00fcr die ambulante Ethikberatung<\/a>[vc_empty_space][\/vc_column][vc_column width=&#8220;1\/2&#8243;][vc_column_text]Patienten und ihre An- und Zugeh\u00f6rigen sollen durch unseren erfahrenen Ethikberater bei der Entscheidungsfindung unterst\u00fctzt werden, wenn kurative Therapien bei fortgeschrittenen schweren Krankheitsbildern mehr zu einer Leidens- als zu einer Lebensverl\u00e4ngerung f\u00fchren und durch belastende Nebenwirkungen eine deutliche Verschlechterung der Lebensqualit\u00e4t zur Folge haben.<\/p>\n<p>&nbsp;<\/p>\n<p>Bitte beachten Sie, dass Ihnen unser Ethikberater schwierige Entscheidungen nicht abnehmen kann. Er wird sich aber Zeit nehmen, Sie individuell bei Ihrer selbstst\u00e4ndigen Entscheidungsfindung zu unterst\u00fctzen, indem er Sie in einem reflektierten Gespr\u00e4ch fachlich ber\u00e4t und dabei Ihre W\u00fcnsche und Sorgen sowie Ihr pers\u00f6nliches Umfeld einbezieht. Seine Empfehlungen haben keine rechtlich bindende Wirkung.<\/p>\n<p>&nbsp;<\/p>\n<p>Dieser Service ist f\u00fcr Sie <strong>kostenlos<\/strong>.<br \/>\nDie ambulante Ethikberatung wird durch Spenden und Mitgliedsbeitr\u00e4ge vom Pallicura F\u00f6rderverein e.V. finanziert.<\/p>\n<p>&nbsp;<\/p>\n<p><strong>Antragstellung und Terminvereinbarung<\/strong><\/p>\n<p>Der Antrag auf eine kostenlose ambulante Ethikberatung kann schriftlich oder telefonisch bei Pallicura gestellt werden. Bitte verwenden Sie hierf\u00fcr nach M\u00f6glichkeit unser Antragsformular. Unser Ethikberater meldet sich nach Eingang Ihrer Anfrage telefonisch bei Ihnen. Der Termin findet nach Vereinbarung bei Ihnen zuhause oder auf Wunsch im Vereinsb\u00fcro statt.[\/vc_column_text][vc_empty_space][\/vc_column][\/vc_row][vc_row css_animation=&#8220;&#8220; row_type=&#8220;row&#8220; use_row_as_full_screen_section=&#8220;no&#8220; type=&#8220;full_width&#8220; angled_section=&#8220;no&#8220; text_align=&#8220;left&#8220; background_image_as_pattern=&#8220;without_pattern&#8220;][vc_column][vc_empty_space][\/vc_column][\/vc_row]<\/p>\n","protected":false},"excerpt":{"rendered":"<p>[vc_row css_animation=&#8220;&#8220; row_type=&#8220;row&#8220; use_row_as_full_screen_section=&#8220;no&#8220; type=&#8220;grid&#8220; angled_section=&#8220;no&#8220; text_align=&#8220;left&#8220; background_image_as_pattern=&#8220;without_pattern&#8220; z_index=&#8220;&#8220; padding_top=&#8220;100&#8243; padding_bottom=&#8220;75&#8243;][vc_column][vc_column_text] Ambulante Ethikberatung im und um den Landkreis Schwandorf Patienten mit lebensbedrohlichen Erkrankungen und ihre An- und Zugeh\u00f6rigen m\u00fcssen mit fortschreitendem Krankheitsverlauf mitunter sehr schwierige Entscheidungen treffen. Manche der Betroffenen berichten, dass sie sich dabei&#8230;<\/p>\n","protected":false},"author":1,"featured_media":0,"parent":0,"menu_order":0,"comment_status":"closed","ping_status":"closed","template":"full_width.php","meta":{"footnotes":""},"class_list":["post-2543","page","type-page","status-publish","hentry"],"_links":{"self":[{"href":"https:\/\/pallicura.de\/verein\/wp-json\/wp\/v2\/pages\/2543","targetHints":{"allow":["GET"]}}],"collection":[{"href":"https:\/\/pallicura.de\/verein\/wp-json\/wp\/v2\/pages"}],"about":[{"href":"https:\/\/pallicura.de\/verein\/wp-json\/wp\/v2\/types\/page"}],"author":[{"embeddable":true,"href":"https:\/\/pallicura.de\/verein\/wp-json\/wp\/v2\/users\/1"}],"replies":[{"embeddable":true,"href":"https:\/\/pallicura.de\/verein\/wp-json\/wp\/v2\/comments?post=2543"}],"version-history":[{"count":19,"href":"https:\/\/pallicura.de\/verein\/wp-json\/wp\/v2\/pages\/2543\/revisions"}],"predecessor-version":[{"id":2729,"href":"https:\/\/pallicura.de\/verein\/wp-json\/wp\/v2\/pages\/2543\/revisions\/2729"}],"wp:attachment":[{"href":"https:\/\/pallicura.de\/verein\/wp-json\/wp\/v2\/media?parent=2543"}],"curies":[{"name":"wp","href":"https:\/\/api.w.org\/{rel}","templated":true}]}}

<p>[vc_row css_animation=&#8220;&#8220; row_type=&#8220;row&#8220; use_row_as_full_screen_section=&#8220;no&#8220; type=&#8220;grid&#8220; angled_section=&#8220;no&#8220; text_align=&#8220;left&#8220; background_image_as_pattern=&#8220;without_pattern&#8220; z_index=&#8220;&#8220; padding_top=&#8220;100&#8243; padding_bottom=&#8220;75&#8243;][vc_column][vc_column_text]</p>
<div class="views-field views-field-title" style="text-align: center;">
<div class="views-field views-field-title">
<div class="wpb_text_column wpb_content_element ">
<div class="wpb_wrapper">
<div class="views-field views-field-title">
<div class="views-field views-field-title">
<h2 style="text-align: left;">Ambulante Ethikberatung im und um den Landkreis Schwandorf</h2>
</div>
</div>
<div style="text-align: left;"></div>
<div style="text-align: left;"></div>
<p style="text-align: left;">Patienten mit lebensbedrohlichen Erkrankungen und ihre An- und Zugehörigen müssen mit fortschreitendem Krankheitsverlauf mitunter sehr schwierige Entscheidungen treffen. Manche der Betroffenen berichten, dass sie sich dabei oft alleine gelassen fühlen.</p>
<p style="text-align: left;">Dieses Anliegen versuchen wir mit dem Angebot einer ambulanten Ethikberatung, die frühzeitig nach Diagnosestellung in Anspruch genommen werden kann, aufzugreifen.</p>
</div>
</div>
<div class="wpb_text_column wpb_content_element ">
<div class="wpb_wrapper">
<p style="text-align: left;">Zunächst möchten wir jedoch auf Ihre Hauptansprechpartner*innen sowie bereits bestehende Beratungsangebote in unserem Landkreis hinweisen.</p>
<p style="text-align: left;">Sollten Ihnen die vorhandenen Beratungsangebote nicht ausreichen, steht Ihnen unser Ethikberater auf Antrag gerne für ein umfangreiches Gespräch <strong>kostenfrei</strong> zur Verfügung.</p>
</div>
</div>
</div>
</div>
<p>[/vc_column_text][vc_column_text]Zunächst möchten wir jedoch auf Ihre Hauptansprechpartner*innen sowie bereits bestehende Beratungsangebote in unserem Landkreis hinweisen.</p>
<p>&nbsp;</p>
<p>Sollten Ihnen die vorhandenen Beratungsangebote nicht ausreichen, steht Ihnen unser Ethikberater auf Antrag gerne für ein umfangreiches Gespräch <strong>kostenfrei</strong> zur Verfügung.[/vc_column_text][/vc_column][/vc_row][vc_row css_animation=&#8220;&#8220; row_type=&#8220;row&#8220; use_row_as_full_screen_section=&#8220;no&#8220; type=&#8220;grid&#8220; angled_section=&#8220;no&#8220; text_align=&#8220;left&#8220; background_image_as_pattern=&#8220;without_pattern&#8220; z_index=&#8220;&#8220; padding_top=&#8220;35&#8243; padding_bottom=&#8220;35&#8243;][vc_column][vc_column_text]</p>
<h2 style="text-align: center;">Beratungsangebote im Landkreis Schwandorf</h2>
<p>[/vc_column_text][/vc_column][/vc_row][vc_row css_animation=&#8220;&#8220; row_type=&#8220;row&#8220; use_row_as_full_screen_section=&#8220;no&#8220; type=&#8220;grid&#8220; angled_section=&#8220;no&#8220; text_align=&#8220;left&#8220; background_image_as_pattern=&#8220;without_pattern&#8220; z_index=&#8220;&#8220; padding_top=&#8220;35&#8243; padding_bottom=&#8220;75&#8243;][vc_column width=&#8220;1/2&#8243;]<div class="q_icon_list"><i class="qode_icon_font_awesome fa fa-circle qode-ili-icon-holder circle" style="font-size: 16px;color: #968a98;background-color: #ffffff;border-color:#ffffff;border-style:solid;border-width:1px;" ></i><p style="color:#000000;font-size: 16px;font-weight: 400;">Ihr/e erste/r Ansprechpartner*in ist immer Ihr/e behandelnde/r Stations-, Haus- oder Facharzt bzw. -ärztin.</p></div><div class="q_icon_list"><i class="qode_icon_font_awesome fa fa-circle qode-ili-icon-holder circle" style="font-size: 16px;color: #968a98;background-color: #ffffff;border-color:#ffffff;border-style:solid;border-width:1px;" ></i><p style="color:#000000;font-size: 16px;font-weight: 400;">Vor der Entlassung organisiert der Sozialdienst des Krankenhauses gerne Ihre weitere Versorgung mit Ihnen.</p></div><div class="q_icon_list"><i class="qode_icon_font_awesome fa fa-circle qode-ili-icon-holder circle" style="font-size: 16px;color: #968a98;background-color: #ffffff;border-color:#ffffff;border-style:solid;border-width:1px;" ></i><p style="color:#000000;font-size: 16px;font-weight: 400;">Ist die Erkrankung nicht mehr heilbar, bereits weit fortgeschritten und verursacht belastende Symptome wie Schmerzen, Übelkeit und Erbrechen, Atemnot oder Ängste, wenden Sie sich bitte an das Palliative Care Team Pallicura.</p></div><div class="q_icon_list"><i class="qode_icon_font_awesome fa fa-circle qode-ili-icon-holder circle" style="font-size: 16px;color: #968a98;background-color: #ffffff;border-color:#ffffff;border-style:solid;border-width:1px;" ></i><p style="color:#000000;font-size: 16px;font-weight: 400;">Pflegedienste, Sozialstationen und Pflegeheime beraten Sie gerne zur Versorgung in der Häuslichkeit bzw. im Pflegeheim nach Pflegegrad und eventuellen Zusatzkosten.</p></div>[/vc_column][vc_column width=&#8220;1/2&#8243;]<div class="q_icon_list"><i class="qode_icon_font_awesome fa fa-circle qode-ili-icon-holder circle" style="font-size: 16px;color: #968a98;background-color: #ffffff;border-color:#ffffff;border-style:solid;border-width:1px;" ></i><p style="color:#000000;font-size: 16px;font-weight: 400;">Kostenfragen können Sie direkt mit Ihrer Kranken- und Pflegekasse besprechen.</p></div><div class="q_icon_list"><i class="qode_icon_font_awesome fa fa-circle qode-ili-icon-holder circle" style="font-size: 16px;color: #968a98;background-color: #ffffff;border-color:#ffffff;border-style:solid;border-width:1px;" ></i><p style="color:#000000;font-size: 16px;font-weight: 400;">Bei der Fachstelle für Senioren www.landkreis-schwandorf.de und Ihrem oder Ihrer zuständigen Seniorenbeauftragten erhalten Sie vielfache Informationen, z.B. wohin Sie sich bezüglich einer Patientenverfügung oder Vorsorgevollmacht wenden müssen.</p></div><div class="q_icon_list"><i class="qode_icon_font_awesome fa fa-circle qode-ili-icon-holder circle" style="font-size: 16px;color: #968a98;background-color: #ffffff;border-color:#ffffff;border-style:solid;border-width:1px;" ></i><p style="color:#000000;font-size: 16px;font-weight: 400;">Ambulante Hospizdienste, wie der Hospizverein Stadt und Landkreis Schwandorf, www.hospizverein-sad.de , die Hospizinitiative der Caritas Sozialstationen, www.caritas-sad.de oder der Hospizdienst der Pfarrei St. Johannes in Nabburg können Ihnen ehrenamtliche Hospizhelfer*innen zur Seite stellen.</p></div><div class="q_icon_list"><i class="qode_icon_font_awesome fa fa-circle qode-ili-icon-holder circle" style="font-size: 16px;color: #968a98;background-color: #ffffff;border-color:#ffffff;border-style:solid;border-width:1px;" ></i><p style="color:#000000;font-size: 16px;font-weight: 400;">Nicht zuletzt steht Ihnen Ihr Gemeinde-Pfarrer oder der/die Ansprechpartner*in Ihrer Glaubensgemeinschaft bei.</p></div>[/vc_column][/vc_row][vc_row css_animation=&#8220;&#8220; row_type=&#8220;row&#8220; use_row_as_full_screen_section=&#8220;no&#8220; type=&#8220;grid&#8220; angled_section=&#8220;no&#8220; text_align=&#8220;left&#8220; background_image_as_pattern=&#8220;without_pattern&#8220; z_index=&#8220;&#8220; padding_top=&#8220;75&#8243; padding_bottom=&#8220;75&#8243;][vc_column][vc_column_text]</p>
<p style="text-align: center;">Die ambulante Ethikberatung wird erbracht von</p>
<p>[/vc_column_text][/vc_column][/vc_row][vc_row css_animation=&#8220;&#8220; row_type=&#8220;row&#8220; use_row_as_full_screen_section=&#8220;no&#8220; type=&#8220;grid&#8220; angled_section=&#8220;no&#8220; text_align=&#8220;left&#8220; background_image_as_pattern=&#8220;without_pattern&#8220; z_index=&#8220;&#8220;][vc_column width=&#8220;1/2&#8243;][vc_single_image image=&#8220;2727&#8243; img_size=&#8220;medium&#8220; alignment=&#8220;center&#8220; style=&#8220;vc_box_circle_2&#8243; qode_css_animation=&#8220;&#8220;][vc_column_text]</p>
<div class="views-field views-field-title" style="text-align: center;">
<div class="views-field views-field-title"><strong>Dr. med. Manfred Hausel</strong></div>
<div></div>
<div class="views-field views-field-title">                      Zertifizierter Ethikberater im Gesundheitswesen,<br />
Facharzt für Chirurgie</div>
</div>
<p>[/vc_column_text][vc_empty_space height=&#8220;64px&#8220;]<a  itemprop="url" href="https://pallicura.de/verein/wp-content/uploads/2023/05/20221208-Ethikberatung.pdf" target="_blank" data-hover-background-color='#968a98'  class="qbutton  medium center default" style="background-color: #968a98;">Flyer für die ambulante Ethikberatung</a>[vc_empty_space][/vc_column][vc_column width=&#8220;1/2&#8243;][vc_column_text]Patienten und ihre An- und Zugehörigen sollen durch unseren erfahrenen Ethikberater bei der Entscheidungsfindung unterstützt werden, wenn kurative Therapien bei fortgeschrittenen schweren Krankheitsbildern mehr zu einer Leidens- als zu einer Lebensverlängerung führen und durch belastende Nebenwirkungen eine deutliche Verschlechterung der Lebensqualität zur Folge haben.</p>
<p>&nbsp;</p>
<p>Bitte beachten Sie, dass Ihnen unser Ethikberater schwierige Entscheidungen nicht abnehmen kann. Er wird sich aber Zeit nehmen, Sie individuell bei Ihrer selbstständigen Entscheidungsfindung zu unterstützen, indem er Sie in einem reflektierten Gespräch fachlich berät und dabei Ihre Wünsche und Sorgen sowie Ihr persönliches Umfeld einbezieht. Seine Empfehlungen haben keine rechtlich bindende Wirkung.</p>
<p>&nbsp;</p>
<p>Dieser Service ist für Sie <strong>kostenlos</strong>.<br />
Die ambulante Ethikberatung wird durch Spenden und Mitgliedsbeiträge vom Pallicura Förderverein e.V. finanziert.</p>
<p>&nbsp;</p>
<p><strong>Antragstellung und Terminvereinbarung</strong></p>
<p>Der Antrag auf eine kostenlose ambulante Ethikberatung kann schriftlich oder telefonisch bei Pallicura gestellt werden. Bitte verwenden Sie hierfür nach Möglichkeit unser Antragsformular. Unser Ethikberater meldet sich nach Eingang Ihrer Anfrage telefonisch bei Ihnen. Der Termin findet nach Vereinbarung bei Ihnen zuhause oder auf Wunsch im Vereinsbüro statt.[/vc_column_text][vc_empty_space][/vc_column][/vc_row][vc_row css_animation=&#8220;&#8220; row_type=&#8220;row&#8220; use_row_as_full_screen_section=&#8220;no&#8220; type=&#8220;full_width&#8220; angled_section=&#8220;no&#8220; text_align=&#8220;left&#8220; background_image_as_pattern=&#8220;without_pattern&#8220;][vc_column][vc_empty_space][/vc_column][/vc_row]</p>

<p>[vc_row css_animation=&#8220;&#8220; row_type=&#8220;row&#8220; use_row_as_full_screen_section=&#8220;no&#8220; type=&#8220;grid&#8220; angled_section=&#8220;no&#8220; text_align=&#8220;left&#8220; background_image_as_pattern=&#8220;without_pattern&#8220; z_index=&#8220;&#8220; padding_top=&#8220;100&#8243; padding_bottom=&#8220;75&#8243;][vc_column][vc_column_text] Ambulante Ethikberatung im und um den Landkreis Schwandorf Patienten mit lebensbedrohlichen Erkrankungen und ihre An- und Zugehörigen müssen mit fortschreitendem Krankheitsverlauf mitunter sehr schwierige Entscheidungen treffen. Manche der Betroffenen berichten, dass sie sich dabei&#8230;</p>
